e units digit of 7041794?
4
What is the hundreds digit of 19025?
0
What is the hundred thousands digit of 2251827?
2
What is the hundred thousands digit of 158524?
1
What is the ten thousands digit of 932811?
3
What is the millions digit of 1202644?
1
What is the tens digit of 4234780?
8
What is the hundreds digit of 747054?
0
What is the thousands digit of 16458047?
8
What is the hundreds digit of 898843?
8
What is the hundreds digit of 122961?
9
What is the ten thousands digit of 115041?
1
What is the units digit of 122486?
6
What is the tens digit of 281365?
6
What is the hundreds digit of 220832?
8
What is the thousands digit of 912056?
2
What is the hundred thousands digit of 3249407?
2
What is the hundred thousands digit of 1483532?
4
What is the thousands digit of 5086712?
6
What is the units digit of 140579?
9
What is the ten millions digit of 35580612?
3
What is the units digit of 12194447?
7
What is the thousands digit of 1798312?
8
What is the hundred thousands digit of 3630929?
6
What is the hundred thousands digit of 830308?
8
What is the units digit of 434798?
8
What is the ten millions digit of 12204418?
1
What is the ten thousands digit of 138799?
3
What is the hundreds digit of 8587692?
6
What is the units digit of 369753?
3
What is the hundred thousands digit of 19608514?
6
What is the tens digit of 144862?
6
What is the thousands digit of 23907?
3
What is the hundreds digit of 433466?
4
What is the units digit of 1227448?
8
What is the ten thousands digit of 4751619?
5
What is the ten thousands digit of 144099?
4
What is the millions digit of 12050118?
2
What is the hundred thousands digit of 1973739?
9
What is the ten thousands digit of 7766356?
6
What is the ten thousands digit of 480355?
8
What is the tens digit of 2571368?
6
What is the tens digit of 14254503?
0
What is the hundred thousands digit of 1005212?
0
What is the hundreds digit of 1719169?
1
What is the units digit of 16039?
9
What is the thousands digit of 12611940?
1
What is the hundreds digit of 196830?
8
What is the millions digit of 5925564?
5
What is the thousands digit of 229772?
9
What is the hundreds digit of 1272415?
4
What is the hundred thousands digit of 766397?
7
What is the hundred thousands digit of 200413?
2
What is the millions digit of 37680645?
7
What is the hundred thousands digit of 122211?
1
What is the millions digit of 12478262?
2
What is the units digit of 23756975?
5
What is the units digit of 55193?
3
What is the thousands digit of 1548182?
8
What is the tens digit of 9438153?
5
What is the hundred thousands digit of 31246670?
2
What is the ten thousands digit of 3135958?
3
What is the hundred thousands digit of 1266851?
2
What is the hundreds digit of 6375900?
9
What is the tens digit of 844256?
5
What is the hundred thousands digit of 2046970?
0
What is the thousands digit of 14785236?
5
What is the hundred thousands digit of 399423?
3
What is the ten thousands digit of 1769143?
6
What is the ten thousands digit of 986797?
8
What is the units digit of 10949671?
1
What is the tens digit of 409951?
5
What is the hundred thousands digit of 27007204?
0
What is the hundreds digit of 319694?
6
What is the millions digit of 1432769?
1
What is the units digit of 9645395?
5
What is the ten thousands digit of 12283877?
8
What is the thousands digit of 4243645?
3
What is the ten millions digit of 28632663?
2
What is the units digit of 65095?
5
What is the hundred thousands digit of 1034370?
0
What is the hundred thousands digit of 1441024?
4
What is the ten thousands digit of 32832341?
3
What is the thousands digit of 533637?
3
What is the hundreds digit of 4014800?
8
What is the tens digit of 1513?
1
What is the hundred thousands digit of 1734491?
7
What is the ten thousands digit of 2417199?
1
What is the hundreds digit of 222051?
0
What is the tens digit of 122711?
1
What is the thousands digit of 1210033?
0
What is the thousands digit of 2268754?
8
What is the hundreds digit of 7445505?
5
What is the ten thousands digit of 2575663?
7
What is the thousands digit of 68852?
8
What is the thousands digit of 2791043?
1
What is the tens digit of 1521045?
4
What is the ten thousands digit of 77681?
7
What is the hundreds digit of 3229815?
8
What is the tens digit of 4346918?
1
What is the hundred thousands digit of 1978956?
9
What is the tens digit of 224961?
6
What is the tens digit of 2078936?
3
What is the hundreds digit of 348444?
4
What is the units digit of 356515?
5
What is the ten thousands digit of 520029?
2
What is the hundreds digit of 1454415?
4
What is the units digit of 131088?
8
What is the millions digit of 1799178?
1
What is the ten thousands digit of 782132?
8
What is the hundred thousands digit of 763367?
7
What is the thousands digit of 29315813?
5
What is the thousands digit of 1592810?
2
What is the thousands digit of 755990?
5
What is the millions digit of 10138727?
0
What is the thousands digit of 115964?
5
What is the tens digit of 279859?
5
What is the hundred thousands digit of 437146?
4
What is the hundred thousands digit of 1114256?
1
What is the hundreds digit of 4924266?
2
What is the ten thousands digit of 27830409?
3
What is the thousands digit of 348739?
8
What is the hundred thousands digit of 711523?
7
What is the hundred thousands digit of 25642465?
6
What is the thousands digit of 40670?
0
What is the ten thousands digit of 7839228?
3
What is the millions digit of 1523324?
1
What is the units digit of 110289?
9
What is the ten thousands digit of 775618?
7
What is the thousands digit of 2138422?
8
What is the tens digit of 954532?
3
What is the tens digit of 484208?
0
What is the thousands digit of 11483337?
3
What is the tens digit of 236235?
3
What is the units digit of 6277828?
8
What is the units digit of 140866?
6
What is the ten thousands digit of 80411?
8
What is the thousands digit of 23735466?
5
What is the ten thousands digit of 580119?
8
What is the thousands digit of 2684464?
4
What is the hundred thousands digit of 986880?
9
What is the hundreds digit of 1546886?
8
What is the ten thousands digit of 66693?
6
What is the thousands digit of 5715349?
5
What is the millions digit of 1390036?
1
What is the tens digit of 1174917?
1
What is the ten thousands digit of 3536016?
3
What is the hundreds digit of 7084578?
5
What is the tens digit of 493147?
4
What is the tens digit of 9066910?
1
What is the hundred thousands digit of 558742?
5
What is the hundreds digit of 11076393?
3
What is the thousands digit of 194426?
4
What is the ten thousands digit of 3910101?
1
What is the ten thousands digit of 75540?
7
What is the ten thousands digit of 14128727?
2
What is the hundreds digit of 187361?
3
What is the tens digit of 2232233?
3
What is the tens digit of 1289214?
1
What is the tens digit of 735696?
9
What is the millions digit of 15680802?
5
What is the millions digit of 6227098?
6
What is the ten thousands digit of 1038154?
3
What is the thousands digit of 722524?
2
What is the tens digit of 391613?
1
What is the ten thousands digit of 12005?
1
What is the millions digit of 1803231?
1
What is the hundreds digit of 65013?
0
What is the hundreds digit of 1977549?
5
What is the ten thousands digit of 823309?
2
What is the thousands digit of 11807?
1
What is the thousands digit of 58590?
8
What is the units digit of 2843802?
2
What is the tens digit of 35501?
0
What is the hundreds digit of 730612?
6
What is the units digit of 359417?
7
What is the hundreds digit of 21801407?
4
What is the hundred thousands digit of 776977?
7
What is the hundred thousands digit of 11539156?
5
What is the tens digit of 9527312?
1
What is the hundred thousands digit of 2266227?
2
What is the thousands digit of 4242508?
2
What is the tens digit of 13651379?
7
What is the tens digit of 8209908?
0
What is the units digit of 310672?
2
What is the hundreds digit of 5367591?
5
What is the millions digit of 2596410?
2
What is the thousands digit of 3052097?
2
What is the ten thousands digit of 77681?
7
What is the thousands digit of 337579?
7
What is the units digit of 647250?
0
What is the units digit of 429930?
0
What is the units digit of 1393417?
7
What is the hundreds digit of 130938?
9
What is the millions digit of 15288